914 a multiple of 4?
False
Is 908 a multiple of 19?
False
Does 20 divide 22391?
False
Is 22275 a multiple of 9?
True
Is 88 a factor of 1811?
False
Does 311 divide 76904?
False
Is 4 a factor of 274?
False
Is 4447 a multiple of 11?
False
Is 185 a multiple of 12?
False
Is 95 a factor of 475?
True
Is 2390 a multiple of 14?
False
Does 37 divide 73223?
True
Is 1952 a multiple of 61?
True
Does 38 divide 324?
False
Does 15 divide 52319?
False
Is 7 a factor of 4535?
False
Does 8 divide 1104?
True
Is 5142 a multiple of 43?
False
Is 102 a factor of 12137?
False
Is 1121 even?
False
Does 15 divide 600?
True
Is 3222 a multiple of 2?
True
Is 23572 a multiple of 142?
True
Is 46 a factor of 105?
False
Is 260 a factor of 10287?
False
Is 26 a factor of 2702?
False
Does 104 divide 71025?
False
Does 9 divide 439?
False
Is 42 a factor of 1344?
True
Is 10 a factor of 20693?
False
Does 189 divide 22113?
True
Is 2736 a multiple of 13?
False
Does 12 divide 61740?
True
Is 14 a factor of 1232?
True
Is 14 a factor of 840?
True
Does 7 divide 196?
True
Does 65 divide 21255?
True
Does 10 divide 31?
False
Is 51 a multiple of 35?
False
Is 3 a factor of 124?
False
Is 105 a factor of 165226?
False
Does 3 divide 90?
True
Does 115 divide 10512?
False
Does 112 divide 12992?
True
Is 647 a multiple of 10?
False
Is 6 a factor of 124?
False
Is 4920 a multiple of 120?
True
Is 361 a multiple of 12?
False
Does 117 divide 56745?
True
Is 8 a factor of 3181?
False
Is 2295 a multiple of 27?
True
Is 45 a factor of 40966?
False
Is 46686 a multiple of 165?
False
Is 16 a factor of 9158?
False
Is 559 a multiple of 13?
True
Is 1175 even?
False
Is 288 a multiple of 12?
True
Is 6989 a multiple of 5?
False
Is 220 a multiple of 5?
True
Is 850 a multiple of 34?
True
Is 252 a multiple of 14?
True
Is 4466 a multiple of 2?
True
Is 10 a factor of 1210?
True
Does 24 divide 5280?
True
Is 30 a factor of 3210?
True
Does 113 divide 14012?
True
Does 5 divide 169?
False
Is 19 a factor of 1630?
False
Does 31 divide 8494?
True
Is 249 a multiple of 27?
False
Is 74 a factor of 3570?
False
Is 11 a factor of 16540?
False
Does 16 divide 2992?
True
Is 246 a factor of 3106?
False
Is 33 a factor of 80652?
True
Is 456 a multiple of 57?
True
Is 3613 a multiple of 25?
False
Does 11 divide 21?
False
Is 269 a multiple of 2?
False
Is 793 a multiple of 61?
True
Is 46432 a multiple of 11?
False
Is 10 a factor of 2584?
False
Is 869 a multiple of 10?
False
Is 952 a multiple of 46?
False
Is 8375 a multiple of 5?
True
Does 11 divide 2637?
False
Does 3 divide 459?
True
Is 21 a factor of 523?
False
Is 70 a factor of 15158?
False
Is 717 a multiple of 15?
False
Is 3846 a multiple of 10?
False
Is 3438 a multiple of 3?
True
Is 35 a factor of 8155?
True
Is 1534 a multiple of 3?
False
Is 224 a multiple of 4?
True
Does 64 divide 2688?
True
Is 5 a factor of 153?
False
Is 33 a factor of 132?
True
Is 44141 a multiple of 19?
False
Is 15113 a multiple of 109?
False
Is 42 a factor of 3822?
True
Is 28 a factor of 336?
True
Is 115 a factor of 7994?
False
Is 61 a factor of 122?
True
Is 17826 a multiple of 108?
False
Is 289 even?
False
Does 11 divide 44076?
False
Is 5746 a multiple of 26?
True
Does 120 divide 4627?
False
Is 5320 a multiple of 95?
True
Is 1590 a multiple of 19?
False
Is 1860 a multiple of 34?
False
Is 7 a factor of 2860?
False
Is 36302 a multiple of 60?
False
Does 22 divide 2887?
False
Is 119 a factor of 4165?
True
Does 8 divide 680?
True
Is 2691 a multiple of 33?
False
Is 8 a factor of 16?
True
Is 8 a factor of 247?
False
Is 859 a multiple of 6?
False
Is 56 a factor of 8120?
True
Is 10 a factor of 7506?
False
Is 861 a multiple of 41?
True
Is 9858 a multiple of 106?
True
Is 173 even?
False
Does 5 divide 2350?
True
Is 12 a factor of 61431?
False
Is 14721 a multiple of 21?
True
Is 221 a multiple of 3?
False
Is 1929 a multiple of 45?
False
Is 13 a factor of 92825?
False
Is 10 a factor of 13020?
True
Does 9 divide 72?
True
Does 24 divide 1872?
True
Does 30 divide 5187?
False
Is 10478 a multiple of 62?
True
Is 7 a factor of 560?
True
Is 102 a multiple of 5?
False
Is 22905 a multiple of 241?
False
Is 41 a factor of 33251?
True
Is 38 a factor of 1634?
True
Is 922 a multiple of 14?
False
Does 52 divide 790?
False
Does 14 divide 6808?
False
Is 372 a multiple of 8?
False
Is 540 a multiple of 20?
True
Is 67 a factor of 18615?
False
Does 15 divide 67935?
True
Is 31 a factor of 138?
False
Is 2380 a multiple of 119?
True
Does 4 divide 18310?
False
Is 150 a multiple of 5?
True
Does 17 divide 6239?
True
Does 51 divide 51?
True
Does 9 divide 1297?
False
Does 7 divide 535?
False
Is 12 a factor of 646?
False
Does 5 divide 683?
False
Is 216 a factor of 57295?
False
Does 47 divide 8233?
False
Is 66 a factor of 924?
True
Does 8 divide 2597?
False
Is 145 a factor of 2776?
False
Does 21 divide 807?
False
Does 29 divide 36976?
False
Does 14 divide 966?
True
Does 67 divide 871?
True
Is 12 a factor of 3324?
True
Is 9707 a multiple of 27?
False
Is 87 a factor of 656?
False
Is 18216 a multiple of 22?
True
Is 3360 a multiple of 21?
True
Is 68 a factor of 12315?
False
Does 10 divide 4316?
False
Does 23 divide 41092?
False
Does 12 divide 2616?
True
Is 68 a factor of 6998?
False
Is 2916 a multiple of 6?
True
Is 5805 a multiple of 71?
False
Is 73445 a multiple of 385?
False
Is 86338 a multiple of 42?
False
Is 13 a factor of 2664?
False
Is 101 a factor of 6145?
False
Is 999 a multiple of 37?
True
Is 4 a factor of 3414?
False
Is 3 a factor of 406?
False
Is 26 even?
True
Is 3 a factor of 2367?
True
Does 142 divide 66886?
False
Is 20 a factor of 320?
True
Is 171 a factor of 20560?
False
Is 56 a multiple of 7?
True
Is 522 a multiple of 9?
True
Is 28 a factor of 120176?
True
Does 8 divide 8162?
False
Is 6 a factor of 546?
True
Is 103 a multiple of 13?
False
Is 351 a multiple of 39?
True
Is 5 a factor of 2269?
False
Is 276 a multiple of 12?
True
Is 11231 a multiple of 49?
False
Is 21 a factor of 132510?
True
Is 37 a factor of 82139?
False
Is 18 a factor of 14778?
True
Is 1440 a multiple of 11?
False
Does 27 divide 837?
True
Does 44 divide 4523?
False
Does 6 divide 90?
True
Does 28 divide 66?
False
Is 52 a factor of 18765?
False
Is 14454 a multiple of 99?
True
Does 82 divide 16356?
False
Is 6 a factor of 2485?
False
Is 41118 a multiple of 267?
True
Is 59551 a multiple of 25?
False
Is 27574 a multiple of 164?
False
Is 1397 a multiple of 14?
False
Is 836 a multiple of 38?
True
Is 26818 a multiple of 23?
True
Is 9 a factor of 5580?
True
Does 8 divide 1469?
False
Is 54 a factor of 10016?
False
Does 22 divide 3738?
False
Is 33 a factor of 9032?
False
Is 7293 a multiple of 7?
False
Is 55 a factor of 802?
False
Does 11 divide 788?
False
Is 7 a factor of 7169?
False
Is 78 a factor of 31122?
True
Is 27 a factor of 41094?
True
Is 26745 a multiple of 113?
False
Does 2 divide 254?
True
Is 60 a factor of 899?
False
Is 795 a multiple of 53?
True
Is 2520 a multiple of 12?
True
Is 22751 a multiple of 7?
False
Does 34 divide 4148?
True
Is 47349 a multiple of 162?
False
Is 10 a factor of 21121?
False
Is 4060 a multiple of 7?
True
Is 13 a factor of 5452?
False
Does 76 divide 6720?
False
Is 97328 a multiple of 28?
True
Does 92 divide 11007?
False
Does 10 divide 92540?
True
Does 16 divide 73555?
False
Is 1530 a multiple of 15?
True
Is 3 a factor of 416?
False
Is 24 a factor of 864?
True
Is 57 a factor of 13680?
True
Does 59 divide 649?
True
Is 36 a factor of 31433?
False
Is 7 a factor of 9555?
True
Is 471 a multiple of 25?
False
Is 6 a factor of 661?
False
Is 48412 a multiple of 19?
True
Does 59 divide 23390?
False
Is 4 a factor of 744?
True
Is 26 a factor of 764?
False
Is 17 a factor of 1037?
True
Is 19 a factor of 637?
False
Is 26 a factor of 1019?
False
Does 43 divide 688?
True
Does 33 divide 19833?
True
Does 9 divide 32130?
True
Is 861 a multiple of 30?
False
Is 5 a factor of 776?
False
Is 25 a factor of 171?
False
Does 3 divide 4839?
True
Is 13 a factor of 5243?
False
Is 1302 a multiple of 21?
True
Is 7449 a multiple of 13?
True
Does 11 divide 3124?
True
Is 4490 a multiple of 55?
False
Is 81 a factor of 10325?
False
Is 32 a multiple of 26?
False
Is 21 a factor of 23968?
False
Is 2606 a multiple of 31?
False
Is 1293 even?
False
Is 5 a factor of 1586?
False
Is 43 a factor of 12919?
False
Does